. Let u = b - 0. Let l = -133 - -187. Calculate the highest common divisor of l and u.
18
Suppose 42*r - 14878 + 4378 = 0. Let j be ((-9)/15)/((-10)/r). What is the highest common divisor of j and 15?
15
Let z(q) = 24*q + 48 - 16*q - 1 + 3*q. Let d be z(4). Calculate the greatest common divisor of d and 39.
13
Let y(i) = 7*i - 24. Let h be y(4). Let p(d) = d**2 - 11*d + 18. Let u be p(9). Let k be -3 - 0 - u - -5. What is the greatest common factor of h and k?
2
Let o(m) = 5*m**3 - 2*m**2 + 4*m + 5. Let p be o(-1). Let w be ((-98)/p)/((-13)/(-117)). What is the highest common factor of 3 and w?
3
Let o = -114 - -110. Let a(q) = -10*q - 22. Let p be a(o). Calculate the highest common divisor of p and 144.
18
Let x = -702 - -700. Let d be (8/(-7))/(x/77). What is the highest common divisor of 297 and d?
11
Suppose -54*t + 615803 = -7*t + 183826. Calculate the highest common divisor of 101 and t.
101
Let w(b) = b**3 + 2*b**2 - 39*b - 18. Let l be w(9). Let p = 523 - l. What is the greatest common divisor of 37 and p?
1
Suppose 6059 - 5807 = 9*j. What is the highest common factor of 763 and j?
7
Suppose -3*r - 4*o + 38 = -0*r, -r + 18 = -4*o. Suppose r*x = 20*x - 60. Calculate the highest common divisor of x and 70.
10
Suppose 91*s - 6*s - 8160 = 0. Calculate the highest common factor of s and 15072.
96
Let v(h) = -h**3 + 10*h**2 + 7*h + 11. Let a be v(5). Suppose 0 = -50*r + 55*r - 135. Calculate the greatest common divisor of r and a.
9
Let o(v) be the third derivative of v**6/120 + 2*v**5/15 - 2*v**4/3 + 15*v**2. Let d be o(-9). What is the greatest common divisor of 84 and d?
21
Let y be 18/3 + 4*84/16. Let z(x) = x**3 - 10*x**2 + 12*x + 15. Let w be z(10). Calculate the highest common divisor of w and y.
27
Suppose 434 = 5*p + a, -5*p + 4*a + 410 = 9*a. What is the highest common factor of 2596 and p?
44
Suppose 5*p + o - 201 = 0, -3*p + o - 2*o + 121 = 0. Let f = -29 - -34. Let s be (-4)/f*(750/(-4))/5. What is the greatest common divisor of p and s?
10
Let o be (-2 - (-30)/21)/(2/(-7)). Let r be ((372/9)/(-2))/(o/(-24)). Let m(j) = 3*j + 10. Let f be m(7). Calculate the greatest common factor of f and r.
31
Suppose 1338 = 5*j - v + 1244, 5*v + 2 = -j. Calculate the greatest common divisor of 22 and j.
2
Let s = -611 - -633. Suppose 2392 = -s*p + 35*p. Calculate the highest common divisor of 414 and p.
46
Let j = -70 + 73. Suppose 5*x = -j*z + 238 + 160, x - 70 = -3*z. Let q = x + -57. What is the greatest common factor of 200 and q?
25
Let v(s) = 391*s - 582. Let j be v(10). Calculate the greatest common divisor of 1456 and j.
208
Let c be (0 + -2)*(-9 - -8). Suppose -710 = -5*v - 2*q, 568 = 4*v + 9*q - 14*q. What is the greatest common factor of v and c?
2
Suppose 8*a - 1 = 7*a. Suppose -v = -a - 2. Suppose 2*b + 2*f = -3*f + 103, -v*f - 143 = -2*b. Calculate the highest common divisor of b and 160.
32
Suppose -3*i = -7*i - 2*h + 1432, -5*i + 5*h = -1790. Suppose -13*t + 149 + i = 0. What is the greatest common factor of t and 221?
13
Let p(x) be the third derivative of -29*x**6/120 + x**4/8 + x**3/3 + 30*x**2. Let h be p(-1). Calculate the greatest common divisor of 126 and h.
14
Suppose 5*t - 258 = 252. Let l = t - 103. Let r be l/(1 + 3) + 741/52. What is the greatest common divisor of r and 14?
14
Suppose -5*h = 20, 4*p - 2*h = -5*h + 1236. Let m(z) = -3*z**3 + 2*z**2 + 347*z + 686. Let x be m(-2). What is the highest common divisor of p and x?
24
Let y be 1077664/88 - ((-70)/175)/((-11)/5). What is the greatest common divisor of 104 and y?
26
Let d(h) = 9*h + 4. Let c be d(1). Let z(v) = -v**2 + 12*v + 15. Let r be z(c). Calculate the greatest common factor of r and 22.
2
Suppose -400 + 100 = -5*v. Let a = 145 - -185. Calculate the greatest common divisor of a and v.
30
Suppose 2*u + 15762 = 2*x, -7*x + 49627 + 5522 = -u. Calculate the highest common divisor of x and 6.
6
Let w be (84/35)/((-44)/(-40) - 1). Suppose 5*f = -2*t + 24, 2*t + f - w = -3*f. What is the highest common factor of t and 102?
6
Suppose 0 = -4*u + 6 + 14. Suppose 0 = -3*t - 15, -9*g + 5 = -6*g + 5*t. What is the highest common factor of u and g?
5
Let t = 183 - 137. Let z = 56 - t. What is the highest common divisor of 220 and z?
10
Let x be 9703/6 - (-16)/672*-7. Calculate the highest common factor of 189 and x.
21
Suppose 0 = -125*y + 141*y - 704. Suppose 0 = 9*s - y - 19. Calculate the highest common divisor of 448 and s.
7
Let s(p) = -12*p**2 + 0*p**3 + p**3 - 61*p - 9 - 5 + 62*p. Let z be s(12). Let f be z/(-11) - 2808/(-44). Calculate the highest common divisor of 8 and f.
8
Let w be 5 + (0 - 9) - 8450/(-2). Calculate the greatest common factor of w and 63.
63
Suppose -k + 4*o = -16, 81 = 5*k - 2*k - o. Suppose 5*v + k = 103. Suppose v = 6*g - 33. What is the highest common factor of 1 and g?
1
Suppose -3*q + 437 = d, 442 = 33*q - 30*q + 2*d. Let v be (-117)/(-9) + (7 - 2). Calculate the highest common divisor of v and q.
18
Suppose -4*g - 83 + 201 = 2*k, 2*g - 112 = -2*k. What is the highest common factor of 56339 and k?
53
Suppose -3*j = -2*j - 14. Suppose -f + 3*f - j = 0. Let y = -157 + 192. Calculate the highest common factor of y and f.
7
Suppose -z = 2*o - 29 - 16, -6 = 3*o. Suppose 4*i - z + 5 = 0. Suppose -3*w - 2*w = -440. What is the greatest common factor of i and w?
11
Let b be 4/(-18) - 5192/108*-3. Suppose 3*z = 4*t + b, -12*z + 192 = -8*z + 5*t. What is the greatest common factor of 120 and z?
24
Suppose -7*b + 3*b - 5*d + 1367 = 0, -b - d + 342 = 0. Suppose 5*o = 1 - 6, 3*t = -o + 20. What is the highest common divisor of t and b?
7
Suppose 1839 = 22*d - 20*d - 3*g, 0 = 2*d + 3*g - 1857. Suppose -f + 30 = t, 0*t + 5*t - f - 138 = 0. Calculate the highest common factor of d and t.
28
Let g(u) = u**3 - 21*u**2 + 27*u + 41. Let s be g(20). Suppose -183*v + 50 = -s*v. Calculate the greatest common factor of 10 and v.
5
Let g be 1 + 227 + 0 + 6. Suppose -13*v = -g + 65. Calculate the highest common factor of 325 and v.
13
Suppose 64*g - 29952 = -14*g. Calculate the highest common factor of 6 and g.
6
Suppose -f - 5 - 27 = -2*a, 52 = -f - 3*a. Let t = f - -40. Suppose t = 8*m - 113 - 95. Calculate the highest common divisor of m and 91.
13
Let g(t) = 5*t - 4. Let w be g(19). Suppose -107*j - 69*j - 7014 = -43622. What is the greatest common factor of j and w?
13
Let p be ((-117)/(1 + 2))/(-1 + 2). Let u = p + 43. Suppose -4*l - 24 = -2*n, -26 = -u*n - l + 40. What is the highest common factor of n and 2?
2
Let z = -8 + 21. Let j be 2 - 4 - (2 - -2 - 11). Suppose -2*a - 263 = -3*h, -283 = -j*h - 3*a + 187. Calculate the highest common divisor of h and z.
13
Let g = -421 - -201. Let p be (g/25 + 3)*-5. What is the highest common factor of 261 and p?
29
Suppose -14*o - 1146 = -8*o. Let z be (-3586)/6 + (-2)/6. Let p = o - z. Calculate the greatest common factor of 37 and p.
37
Suppose 116 = -4*n - 0*n. Let k(a) = a**3 + 5*a**2 - 2*a - 10. Let t be k(-4). Let u be 1*n*(9 - t). What is the greatest common factor of u and 58?
29
Let p(x) = -x**3 + 12*x**2 + 5*x - 2. Let z be p(10). Let r = z + -172. Suppose -13*i + 9*i + r = 0. What is the greatest common divisor of i and 57?
19
Let n be 0/(1 - 0) - 1. Let b(r) = -23*r + 33*r**2 - 6 + 7 + 68*r - 24*r - 19*r. Let v be b(n). What is the highest common divisor of 4 and v?
4
Suppose -2558 + 2744 = 35*q - 4*q. Suppose 2*o - 348 = 2*d, -o + 5*d + 141 + 33 = 0. Calculate the highest common factor of q and o.
6
Suppose 0 = -26*j + 1955 - 238 + 6395. Calculate the highest common factor of j and 1196.
52
Let o = -1703 - -1708. Let h(f) = 2*f**2 - 9*f - 1. Let d be h(-6). What is the greatest common factor of d and o?
5
Suppose -s - 8*s - 27*s = -504. What is the greatest common divisor of 23975 and s?
7
Suppose 7*k - 506 = -2879. Let f = 351 + k. Calculate the highest common divisor of f and 4.
4
Suppose 3*m - 2*m = -4*c + 3447, 4*m - 5*c - 13935 = 0. Calculate the highest common factor of m and 75.
25
Suppose 8*a - 360 = 4*a. Let n(u) = 3*u**2 + 3*u. Let l(g) = -2*g**2 - 8*g + 12. Let f be l(-5). Let z be n(f). What is the greatest common divisor of a and z?
18
Suppose 2*v + 22 = 73 + 25. What is the highest common divisor of 8797 and v?
19
Let i(p) = 4*p**3 - 18*p**2 + 4*p + 6. Let v be i(12). Calculate t